
What is the remainder when 30905 is divided by 10?
5
Calculate the remainder when 915131 is divided by 538.
531
Calculate the remainder when 12090 is divided by 4006.
72
What is the remainder when 2712 is divided by 886?
54
What is the remainder when 95465 is divided by 13?
6
Calculate the remainder when 407549 is divided by 130.
129
Calculate the remainder when 6615 is divided by 264.
15
What is the remainder when 943 is divided by 213?
91
What is the remainder when 129356 is divided by 20?
16
Calculate the remainder when 322 is divided by 320.
2
What is the remainder when 1594 is divided by 310?
44
Calculate the remainder when 25289 is divided by 30.
29
What is the remainder when 4944 is divided by 81?
3
Calculate the remainder when 642071 is divided by 3915.
11
Calculate the remainder when 7655 is divided by 403.
401
What is the remainder when 17818 is divided by 135?
133
What is the remainder when 448728 is divided by 230?
228
What is the remainder when 197139 is divided by 8?
3
Calculate the remainder when 3348 is divided by 159.
9
Calculate the remainder when 2643 is divided by 78.
69
What is the remainder when 17913 is divided by 1683?
1083
Calculate the remainder when 6088 is divided by 57.
46
What is the remainder when 1967301 is divided by 655764?
9
What is the remainder when 150 is divided by 120?
30
Calculate the remainder when 11790 is divided by 3923.
21
Calculate the remainder when 2199 is divided by 25.
24
Calculate the remainder when 58486 is divided by 38.
4
What is the remainder when 1482037 is divided by 2067?
2065
Calculate the remainder when 1098 is divided by 94.
64
Calculate the remainder when 2367 is divided by 502.
359
Calculate the remainder when 5905 is divided by 315.
235
What is the remainder when 173952 is divided by 136?
8
Calculate the remainder when 68842 is divided by 11.
4
Calculate the remainder when 2095 is divided by 86.
31
Calculate the remainder when 1401 is divided by 350.
1
Calculate the remainder when 55331 is divided by 333.
53
What is the remainder when 338517 is divided by 84?
81
What is the remainder when 2611 is divided by 125?
111
Calculate the remainder when 29445 is divided by 773.
71
What is the remainder when 58757 is divided by 14?
13
What is the remainder when 35181 is divided by 56?
13
Calculate the remainder when 19007 is divided by 28.
23
What is the remainder when 3308379 is divided by 539?
536
Calculate the remainder when 3429 is divided by 61.
13
Calculate the remainder when 243763 is divided by 5077.
67
What is the remainder when 8478 is divided by 851?
819
Calculate the remainder when 48217 is divided by 16042.
91
What is the remainder when 19771 is divided by 113?
109
What is the remainder when 9506 is divided by 211?
11
What is the remainder when 8777 is divided by 2183?
45
Calculate the remainder when 22604 is divided by 22333.
271
Calculate the remainder when 3242 is divided by 2718.
524
Calculate the remainder when 8526 is divided by 43.
12
What is the remainder when 23329 is divided by 329?
299
What is the remainder when 5043 is divided by 297?
291
Calculate the remainder when 6375 is divided by 199.
7
What is the remainder when 12862 is divided by 1475?
1062
Calculate the remainder when 142227 is divided by 621.
18
What is the remainder when 7615 is divided by 1522?
5
What is the remainder when 2738800 is divided by 374?
372
What is the remainder when 12949 is divided by 589?
580
What is the remainder when 7751 is divided by 443?
220
Calculate the remainder when 69823 is divided by 111.
4
Calculate the remainder when 409223 is divided by 102304.
7
Calculate the remainder when 36783 is divided by 7354.
13
What is the remainder when 27582 is divided by 1539?
1419
What is the remainder when 5772348 is divided by 39?
36
What is the remainder when 1094 is divided by 145?
79
What is the remainder when 343121 is divided by 61?
57
What is the remainder when 1977 is divided by 907?
163
What is the remainder when 175083 is divided by 213?
210
Calculate the remainder when 11073 is divided by 191.
186
Calculate the remainder when 301639 is divided by 60323.
24
Calculate the remainder when 141231 is divided by 22.
13
Calculate the remainder when 5840 is divided by 705.
200
Calculate the remainder when 2045 is divided by 548.
401
What is the remainder when 2244 is divided by 399?
249
Calculate the remainder when 5447 is divided by 121.
2
What is the remainder when 2015 is divided by 1906?
109
Calculate the remainder when 2875 is divided by 244.
191
Calculate the remainder when 2069 is divided by 210.
179
What is the remainder when 93752 is divided by 9373?
22
Calculate the remainder when 2213 is divided by 723.
44
Calculate the remainder when 11773 is divided by 26.
21
What is the remainder when 118570 is divided by 283?
276
Calculate the remainder when 153 is divided by 34.
17
Calculate the remainder when 10062 is divided by 23.
11
What is the remainder when 12423 is divided by 113?
106
What is the remainder when 554939 is divided by 29?
24
What is the remainder when 3742 is divided by 3267?
475
What is the remainder when 1509 is divided by 44?
13
What is the remainder when 9924 is divided by 30?
24
Calculate the remainder when 5352 is divided by 486.
6
What is the remainder when 62098 is divided by 300?
298
Calculate the remainder when 43008 is divided by 177.
174
Calculate the remainder when 199527 is divided by 681.
675
What is the remainder when 6552 is divided by 301?
231
Calculate the remainder when 5894 is divided by 618.
332
Calculate the remainder when 25896 is divided by 1842.
108
What is the remainder when 13238 is divided by 67?
39
What is the remainder when 195850 is divided by 12?
10
Calculate the remainder when 160682 is divided by 160661.
21
Calculate the remainder when 32963 is divided by 8171.
279
Calculate the remainder when 6001396 is divided by 54.
52
What is the remainder when 157861 is divided by 22548?
25
Calculate the remainder when 157991 is divided by 57.
44
Calculate the remainder when 5617 is divided by 36.
1
Calculate the remainder when 12882 is divided by 495.
12
What is the remainder when 45385 is divided by 698?
15
What is the remainder when 8358 is divided by 2086?
14
Calculate the remainder when 16781 is divided by 13.
11
Calculate the remainder when 34951 is divided by 22.
15
What is the remainder when 1900 is divided by 472?
12
Calculate the remainder when 225275 is divided by 43.
41
Calculate the remainder when 5413 is divided by 24.
13
Calculate the remainder when 52860 is divided by 4.
0
What is the remainder when 64429 is divided by 16?
13
Calculate the remainder when 2974 is divided by 26.
10
What is the remainder when 63729 is divided by 337?
36
Calculate the remainder when 1846 is divided by 37.
33
What is the remainder when 6817 is divided by 3399?
19
What is the remainder when 16149 is divided by 5381?
6
Calculate the remainder when 11940 is divided by 3979.
3
Calculate the remainder when 3690 is divided by 21.
15
What is the remainder when 44507 is divided by 14804?
95
Calculate the remainder when 5883 is divided by 1855.
318
What is the remainder when 4108 is divided by 251?
92
What is the remainder when 2207 is divided by 2203?
4
Calculate the remainder when 3960 is divided by 22.
0
Calculate the remainder when 2843 is divided by 8.
3
What is the remainder when 3736 is divided by 743?
21
Calculate the remainder when 34803 is divided by 219.
201
Calculate the remainder when 347159 is divided by 39.
20
Calculate the remainder when 633062 is divided by 314.
38
Calculate the remainder when 7366 is divided by 31.
19
Calculate the remainder when 1577146 is divided by 25.
21
What is the remainder when 88832 is divided by 15?
2
Calculate the remainder when 205093 is divided by 565.
563
What is the remainder when 675086 is divided by 1114?
2
Calculate the remainder when 1233134 is divided by 24.
14
What is the remainder when 747 is divided by 16?
11
What is the remainder when 7308 is divided by 34?
32
What is the remainder when 152561 is divided by 141?
140
Calculate the remainder when 1117227 is divided by 30.
27
Calculate the remainder when 29551 is divided by 29532.
19
What is the remainder when 920 is divided by 187?
172
What is the rema